factors of a/(-5) + 11 + -1?
2
Let v(c) = -c + 11. Let y be v(8). Let s(p) = -15 - y*p + 1 + 2*p - 2*p. List the prime factors of s(-6).
2
List the prime factors of -6 - (4 + -2761 + 2).
2749
Let t be (260 + 2)*7/(-14). Let i = t + 288. What are the prime factors of i?
157
Let y(i) be the second derivative of i**5/40 - 5*i**3/6 + 6*i. Let o(b) be the second derivative of y(b). List the prime factors of o(13).
3, 13
Suppose -10667 = -5*g + 4*z, -z = -0*g - 5*g + 10673. List the prime factors of g.
5, 7, 61
Let k be -2 - (-2 + 0/(-3)). What are the prime factors of k/1 - -9*11?
3, 11
Let i = 24 + -32. Let p be -3*i/(-12) - 7. List the prime factors of (-1)/(-2)*(p + 15).
3
Suppose 4*c + 38 = 2*d, -2*c - d = -5*c - 26. Let j = c + 4. What are the prime factors of j/((-1)/22*3)?
2, 11
Let p = 151 - -260. What are the prime factors of p?
3, 137
Suppose 0 = 2*o + 5*o - 357. Suppose -m + o = 6*i - 2*i, -5*m = 2*i - 201. List the prime factors of m.
3, 13
Suppose -4*n = -d - 843, -d + 93 = n - 124. Let g = n + -99. List the prime factors of g.
113
List the prime factors of (-31772)/(-9) + 52/(-234).
2, 5, 353
Suppose 0 = -3*j - 9*j + 6036. List the prime factors of j.
503
Suppose 11*c = 13*c - 2682. List the prime factors of c.
3, 149
Suppose -n = 3*a - 0*a - 120, -3*n - 4*a = -375. Suppose 0 = 127*w - n*w + 408. List the prime factors of w.
2, 3, 17
Let o = 5470 + -2976. What are the prime factors of o?
2, 29, 43
Suppose 0 = -4*a - 3*b + 16, 0*a = 3*a + 2*b - 12. Let m(g) = -g + 13. Let c be m(a). What are the prime factors of 4*(-5)/(-30)*c?
2, 3
Let i = 19 - 2. Suppose 4 = s - i. What are the prime factors of s/28 - (-474)/8?
2, 3, 5
What are the prime factors of (7936/6)/((-28)/(-42))?
2, 31
Suppose -300 - 1009 = -n. Suppose -n = b - 12*b. List the prime factors of b.
7, 17
Let l(b) = 228*b**2 - 24*b + 55. What are the prime factors of l(3)?
5, 11, 37
What are the prime factors of 302 + 0/(-7 - -6)?
2, 151
Let k(c) = -141*c**3 + 1. Let d be k(1). Let u = 202 + d. What are the prime factors of u?
2, 31
Suppose -3*d + 5*d = 8. Let g be d/(-24)*3*-6. Suppose 73 - 1 = g*w. What are the prime factors of w?
2, 3
Suppose -6*y = -y + 5, -3*y = -s + 889. What are the prime factors of s?
2, 443
What are the prime factors of (324666/(-20))/(-3) - 49/490?
7, 773
List the prime factors of 2*(-18)/12 - -835.
2, 13
Suppose 0 = 2*y + y - 5*k - 189, -y + 83 = 5*k. List the prime factors of 10/(-4)*y/(-5).
2, 17
Let z(f) = -23*f**2 - f + 3. Let r be z(-2). Let o = 176 + r. List the prime factors of o.
89
Let i = -31 - -33. Suppose -2*l - 3*c = -8*c - 36, -i*c + 148 = 5*l. What are the prime factors of l?
2, 7
Let u be 6/(-24)*0*(3 + -2). Suppose 2*h - 80 = -5*m, m - 4*h - 38 = -u*m. What are the prime factors of m?
2, 3
Suppose 760 = -159*t + 163*t. List the prime factors of t.
2, 5, 19
List the prime factors of ((-1554)/35 - -5)/(2/(-130)).
13, 197
Suppose -4*p - 2 - 6 = 0. Let o be 21/p*2 - -1. Let b = o - -25. What are the prime factors of b?
5
Suppose -14*k + 12*k - 2 = 0, -5*k + 2061 = p. List the prime factors of p.
2, 1033
List the prime factors of (-36)/66 - (-11006)/11.
2, 5
Suppose -245 = -5*b + 5*i, -b + 94 = 3*i + 29. List the prime factors of b.
53
Let y = 8 + -7. Let q be 2/(-4)*2 + y. Suppose 5*b = -5*p + 85, -p - 3*b + 30 - 3 = q. List the prime factors of p.
2, 3
Let z(o) = o**3 + 7*o**2 - 6*o + 4. Let r be z(-8). Let y be (r/10)/((-3)/15). Let s(k) = 4*k - 8. List the prime factors of s(y).
2
Let m = -192 - -252. List the prime factors of m.
2, 3, 5
Let d = 50 + -75. Let i = -22 + 26. Let z = i - d. What are the prime factors of z?
29
Let v = -18 + 20. Let f be v - (-7)/((-14)/114). Let c = -38 - f. What are the prime factors of c?
17
Suppose -3*x + 4*l + 3 + 1 = 0, -3*x - 4*l = -20. Let y(g) = -2*g + 3*g**2 - x*g**2 + 6*g + 7*g. List the prime factors of y(8).
2, 3
Let z be (-2*(2 + -4))/(-1). List the prime factors of 73 - (-2 - (z + 0)).
71
Let v be ((-20)/(-6))/(32/48). Suppose v*p = 3*p + 4. Suppose 0 = -2*t - 3*l - 2 + 69, -61 = -p*t - 5*l. What are the prime factors of t?
2, 19
Let u be 858/9 - (20/6)/(-5). Suppose -u*n + 90*n + 390 = 0. List the prime factors of n.
5, 13
Let j(a) = -a - 4. Let p be j(-7). Let q be 3/((-6)/3 + p). Suppose -66 + 15 = -q*b. What are the prime factors of b?
17
Let j = 38 + -21. Let v = j + 77. List the prime factors of v.
2, 47
What are the prime factors of (-492)/(-328)*-2*(-5686)/6?
2843
Suppose 3*k - 25 = -2*k. Let l(b) = -6 - b + 3*b - 9 + k. List the prime factors of l(10).
2, 5
Let d = 75 - 51. Suppose -d*k = -27*k + 39. Let x = k + 4. List the prime factors of x.
17
Suppose -24 = -14*w + 10*w. Let g be (-328)/24 + 4/w. List the prime factors of (-1 - 0)*1 - g.
2, 3
Let f = -3 - -10. Let a(o) = -o**3 + 6*o**2 + 6*o + 7. Let v be a(f). What are the prime factors of v + (1 - 61)/(-3)?
2, 5
Let p = -6 + -4. Let v(g) = -g**2 - 11*g + 5. Let m be v(p). Suppose 0 = w - z - m, -5*w + z + 13 = -62. What are the prime factors of w?
3, 5
Let j(k) = -8*k - 5. Let g(z) = 2*z + 1. Let x(w) = -9*g(w) - 2*j(w). Let u be x(-3). Let y = u - -34. What are the prime factors of y?
41
Suppose 0*n = -2*g - 3*n + 22, 5*n - 34 = -3*g. Let k = g + 3. List the prime factors of k.
11
Let r(t) be the third derivative of 7*t**5/10 + t**4/24 + t**3/6 + 34*t**2. Suppose -4*p + 6 = -6, -8 = 5*c - p. What are the prime factors of r(c)?
2, 3, 7
Suppose 0 = 4*z - k - 2273, -4*z - 3*k + 2268 = k. List the prime factors of z.
2, 71
Let y(t) = -t**3 - 5*t**2 + 5*t - 2. Let z be y(-6). Suppose 787 - 151 = z*j. List the prime factors of j.
3, 53
Suppose 0 = -7*i + 2*i + 15. Let b = 0 + 8. Suppose 2 = -i*p + b. List the prime factors of p.
2
Let c(a) = -7*a - 6*a**2 - 2 + a**3 + 8 + 13*a. What are the prime factors of c(6)?
2, 3, 7
Let t(q) = 15*q**2 - 1 - 3 - 2 - 9*q**2 - 2*q. List the prime factors of t(-3).
2, 3
Suppose 0 = 3*i - 3 + 9, 3*i - 704 = -2*k. Suppose -9*f - 103 + k = 0. List the prime factors of f.
2, 7
Suppose 0 = -4*r + 11*r. Suppose 6*n - 367 - 509 = r. List the prime factors of n.
2, 73
Let r = 1020 + -544. What are the prime factors of r?
2, 7, 17
Let c = -339 - -574. Suppose 0 = 6*t - c - 155. What are the prime factors of t?
5, 13
Let h(v) = v + 9. Let j be h(-3). Suppose -485 - 307 = -j*s. What are the prime factors of s?
2, 3, 11
Let p = -136 + 141. Let w(u) = u**2 - 6*u - 5. Let d be w(7). Suppose m + 54 = p*m - c, 38 = d*m + 5*c. List the prime factors of m.
2, 7
Suppose -26 = -3*q - a, 13 = -4*a - 3. What are the prime factors of 2 - -108*(q/6 + -1)?
2, 37
Suppose -2*x + 2*v + 1457 = -2817, 0 = 4*x + 5*v - 8575. List the prime factors of x.
2, 5, 107
Let h be 12/54 + 640/36. Suppose -m + h = -4. List the prime factors of m.
2, 11
Let j(v) = v**2 + 10*v + 13. Let u be j(-9). Suppose 0 = s + 5*i - 76, 0 = 3*s + i + u*i - 198. What are the prime factors of s?
61
Let r(w) = -11*w. Let z be r(-4). Suppose 0*a = 4*a + 5*k + 135, 3*a + 107 = 2*k. List the prime factors of (-8)/z + a/(-11).
3
Let d(z) = -z**3 + 12*z**2 - 12*z + 13. Let w be d(11). Suppose -7*a + 5*y = -w*a, 2*y = a - 2. List the prime factors of a/(-6) - 303/(-9).
2, 17
Let r = -2 - -7. Suppose 111 = r*u + 1. Let a = u - 8. List the prime factors of a.
2, 7
What are the prime factors of (-5)/(5/(-2107))*(2 - 1)?
7, 43
Suppose 458 = 3*z + 5*x - 1103, 0 = -4*x + 20. What are the prime factors of z?
2
Let u(h) = -61*h + 251. List the prime factors of u(-18).
19, 71
What are the prime factors of 1*6/(-9)*1869/(-14)?
89
Suppose -3*x = -4201 + 1636. List the prime factors of x.
3, 5, 19
Suppose 2*u + 0 = 10. Suppose -7*z + 4 = -u*z. Suppose -y = 4, -2*v - z*v + 4*y + 68 = 0. What are the prime factors of v?
13
Let g be 1 - (-96 - (2 - -3)). What are the prime factors of g*((-2)/(-7))/((-3)/(-7))?
2, 17
Suppose 0 = 46*x - 50*x. Suppose x = -2*v - q + 383, 5*q + 28 = 3. List the prime factors of v.
2, 97
Suppose -2*w = w - 6. Let i(k) = 2*k**2 - 3*k + 0*k**2 - 3*k**w - k**3 - 3. List the prime factors of i(-2).
7
Let i(w) = -3 - 4*w**2 + 3*w**2 - 7 + 4*w - 21*w. Let z be i(-16). List the prime factors of 1799/35 - z/15.
3, 17
Let v = 17 + -13. Let j(u) = u**3 - 3*u**2 - 3*u - 2. Let m be j(v). List the prime factors of 20/((4 - m) + 0).
2, 5
Suppose -18*h = -6*h